o base 15.
8
3e (base 15) to base 12
4b
Convert -13 (base 8) to base 15.
-b
What is -20 (base 8) in base 11?
-15
What is 22 (base 6) in base 14?
10
Convert 4 (base 8) to base 4.
10
-11 (base 13) to base 16
-e
5 (base 6) to base 16
5
What is -3 (base 11) in base 6?
-3
d5 (base 16) to base 11
184
-104 (base 5) to base 4
-131
5 (base 15) to base 7
5
-6 (base 11) to base 5
-11
What is 1000 (base 2) in base 13?
8
Convert -28 (base 10) to base 11.
-26
0 (base 12) to base 5
0
Convert 3 (base 7) to base 10.
3
Convert 41 (base 7) to base 13.
23
What is -44 (base 15) in base 9?
-71
-7 (base 12) to base 14
-7
What is -8 (base 10) in base 5?
-13
Convert -133 (base 4) to base 12.
-27
27 (base 13) to base 14
25
Convert -15 (base 10) to base 12.
-13
Convert -77 (base 10) to base 2.
-1001101
0 (base 8) to base 4
0
3 (base 7) to base 2
11
Convert 4 (base 15) to base 10.
4
-109 (base 10) to base 8
-155
What is 3 (base 13) in base 14?
3
6 (base 7) to base 15
6
Convert 6 (base 8) to base 5.
11
What is 8 (base 13) in base 15?
8
-111 (base 5) to base 3
-1011
62 (base 7) to base 14
32
Convert 4 (base 7) to base 8.
4
Convert -2 (base 15) to base 4.
-2
Convert 0 (base 10) to base 13.
0
What is -6 (base 8) in base 3?
-20
What is 66 (base 9) in base 15?
40
What is 14 (base 5) in base 3?
100
What is -2 (base 10) in base 15?
-2
What is 6 (base 13) in base 12?
6
Convert -3132 (base 4) to base 9.
-266
2 (base 4) to base 12
2
10 (base 5) to base 3
12
411 (base 5) to base 9
127
Convert 41 (base 16) to base 3.
2102
Convert 2b (base 13) to base 2.
100101
Convert -aa (base 11) to base 2.
-1111000
What is 30 (base 5) in base 14?
11
What is 1 (base 16) in base 11?
1
What is 106 (base 9) in base 12?
73
Convert 4 (base 10) to base 12.
4
77 (base 14) to base 7
210
0 (base 2) to base 4
0
What is 10 (base 8) in base 5?
13
23 (base 13) to base 4
131
What is 233 (base 6) in base 15?
63
-51 (base 14) to base 6
-155
Convert -a (base 16) to base 12.
-a
1 (base 3) to base 10
1
What is -2 (base 5) in base 4?
-2
-1 (base 16) to base 7
-1
14 (base 16) to base 11
19
What is -4 (base 6) in base 13?
-4
-3 (base 14) to base 12
-3
What is -3 (base 11) in base 10?
-3
-36 (base 12) to base 9
-46
-14 (base 8) to base 3
-110
1 (base 5) to base 9
1
Convert -16 (base 7) to base 2.
-1101
What is -23 (base 6) in base 16?
-f
What is 114 (base 5) in base 9?
37
What is -a (base 12) in base 5?
-20
Convert -20 (base 4) to base 12.
-8
Convert -1 (base 5) to base 2.
-1
-11 (base 10) to base 12
-b
Convert 1 (base 15) to base 10.
1
Convert 39 (base 14) to base 15.
36
What is 85 (base 10) in base 12?
71
Convert 0 (base 11) to base 15.
0
What is -3 (base 10) in base 13?
-3
12 (base 4) to base 16
6
12 (base 12) to base 14
10
What is -1 (base 8) in base 16?
-1
Convert -5a (base 13) to base 4.
-1023
-1e (base 15) to base 16
-1d
11b (base 13) to base 8
301
Convert -6 (base 13) to base 2.
-110
What is 40 (base 5) in base 4?
110
Convert -33 (base 10) to base 16.
-21
What is 3 (base 11) in base 12?
3
Convert 12 (base 4) to base 6.
10
1 (base 15) to base 4
1
Convert 37 (base 13) to base 8.
56
Convert -3 (base 12) to base 13.
-3
What is -2 (base 10) in base 8?
-2
Convert 6 (base 14) to base 7.
6
Convert -80 (base 10) to base 13.
-62
-3 (base 6) to base 3
-10
Convert -59 (base 15) to base 2.
-1010100
-1 (base 14) to base 12
-1
Convert 119 (base 11) to base 3.
12020
Convert -10111 (base 3) to base 15.
-64
Convert -44 (base 14) to base 9.
-66
12 (base 9) to base 6
15
What is -212 (base 6) in base 11?
-73
Convert -1 (base 15) to base 6.
-1
Convert -9 (base 14) to base 15.
-9
Convert 2 (base 10) to base 2.
10
-2 (base 11) to base 14
-2
-20 (base 4) to base 13
-8
3 (base 5) to base 2
11
What is 0 (base 5) in base 13?
0
Convert -1 (base 13) to base 6.
-1
100 (base 4) to base 12
14
Convert 30 (base 4) to base 15.
c
Convert 10 (base 8) to base 2.
1000
What is -1 (base 5) in base 2?
-1
What is 60 (base 11) in base 10?
66
-90 (base 14) to base 10
-126
What is -10 (base 4) in base 8?
-4
-1 (base 16) to base 9
-1
11 (base 16) to base 8
21
-166 (base 14) to base 7
-556
Convert 176 (base 8) to base 2.
1111110
What is 1213 (base 4) in base 2?
1100111
What is -10 (base 12) in base 2?
-1100
40 (base 10) to base 2
101000
-1 (base 15) to base 8
-1
What is 101 (base 4) in base 13?
14
-102 (base 8) to base 7
-123
-3 (base 11) to base 12
-3
Convert -4 (base 15) to base 13.
-4
-10100010 (base 2) to base 7
-321
Convert -23 (base 6) to base 7.
-21
What is -116 (base 8) in base 16?
-4e
15 (base 10) to base 6
23
35 (base 14) to base 10
47
What is 3 (base 13) in base 11?
3
0 (base 5) to base 3
0
What is 25 (base 6) in base 2?
10001
Convert -313 (base 4) to base 16.
-37
What is 100 (base 2) in base 15?
4
Convert -7 (base 10) to base 2.
-111
Convert -3 (base 15) to base 13.
-3
-27 (base 9) to base 8
-31
What is -3 (base 6) in base 9?
-3
-3a (base 16) to base 5
-213
What is 101100110 (base 2) in base 8?
546
18 (base 10) to base 6
30
What is -2 (base 9) in base 7?
-2
Convert -21 (base 8) to base 5.
-32
Convert -1 (base 4) to base 10.
-1
-8 (base 13) to base 2
-1000
-201 (base 8) to base 5
-1004
Convert -5 (base 10) to base 2.
-101
What is 1020 (base 3) in base 11?
30
-14 (base 15) to base 13
-16
1 (base 8) to base 6
1
What is 0 (base 3) in base 5?
0
What is -1022 (base 4) in base 6?
-202
Convert -25 (base 9) to base 4.
-113
Convert -10100010 (base 2) to base 15.
-ac
Convert 22 (base 15) to base 9.
35
Convert 135 (base 6) to base 2.
111011
What is 102 (base 10) in base 16?
66
What is -10 (base 4) in base 16?
-4
10 (base 4) to base 5
4
Convert -5 (base 7) to base 15.
-5
What is 15 (base 6) in base 5?
21
Convert 32 (base 8) to base 9.
28
Convert 8e (base 15) to base 14.
98
Convert -189 (base 10) to base 4.
-2331
-10 (base 13) to base 12
-11
What is -1 (base 11) in base 15?
-1
What is -144 (base 12) in base 8?
-304
What is -3 (base 14) in base 10?
-3
What is 320 (base 5) in base 9?
104
-16 (base 16) to base 6
-34
Convert -3 (base 8) to base 11.
-3
Convert -326 (base 10) to base 2.
-101000110
What is -1 (base 2) in base 16?
-1
What is 6 (base 10) in base 3?
20
1f (base 16) to base 9
34
What is -2 (base 11) in base 3?
-2
What is -11 (base 2) in base 4?
-3
What is -3 (base 7) in base 9?
-3
-145 (base 13) to base 15
-101
Convert -5 (base 14) to base 3.
-12
Convert 302 (base 4) to base 15.
35
Convert -265 (base 9) to base 3.
-22012
What is -2a (base 12) in base 9?
-37
Convert 22 (base 7) to base 2.
10000
Convert -2a (base 14) to base 7.
-53
-112 (base 5) to base 6
-52
Convert -23 (base 15) to base 6.
-53
-4 (base 9) to base 4
-10
Convert 2 (base 11) to base 3.
2
What is -25 (base 13) in base 12?
-27
200 (base 3) to base 12
16
What is 37 (base 13) in base 8?
56
What is 60 (base 7) in base 11?
39
What is 20 (base 4) in base 5?
13
Convert -2 (base 9) to base 12.
-2
Convert 3 (base 8) to base 2.
11
Convert -443 (base 7) to base 10.
-227
1 (base 10) to base 3
1
What is 85 (base 16) in base 13?
a3
1a (base 11) to base 13
18
What is -1 (base 15) in base 12?
-1
What is -2 (base 15) in base 16?
-2
Convert -1 (base 2) to base 7.
-1
-10 (base 4) to base 14
-4
What is -102 (base 5) in base 2?
-11011
Convert -4 (base 16) to base 15.
-4
15 (base 13) to base 11
17
2 (base 5) to base 7
2
What is -101 (base 3) in base 7?
-13
What is -1 (base 9) in base 16?
-1
Convert 5 (base 9) to base 4.
11
What is -12 (base 7) in base 10?
-9
Convert -2 (base 15) to base 14.
-2
What is -b4 (base 14) in base 12?
-112
4 (base 6) to base 4
10
What is 5 (base 6) in base 13?
5
Convert -12 (base 3) to base 12.
-5
-3 (base 11) to base 5
-3
Convert -1004 (base 5) to base 9.
-153
What is 35 (base 6) in base 12?
1b
What is -1 (base 5) in base 9?
-1
Convert -10101 (base 2) to base 4.
-111
Convert -4 (base 13) to base 9.
-4
What is 0 (base 3) in base 15?
0
What is 0 (base 3) in base 10?
0
Convert -3 (base 5) to base 14.
-3
What is -105 (base 10) in base 4?
-1221
-26 (base 15) to base 7
-51
What is 211 (base 3) in base 13?
19
Convert 100 (base 2) to base 3.
11
Convert -1 (base 5) to base 7.
-1
-102 (base 4) to base 9
-20
What is -25 (base 10) in base 2?
-11001
1101 (base 2) to base 12
11
Convert -102 (base 3) to base 14.
-b
What is 5 (base 16) in base 2?
101
What is -200 (base 4) in base 11?
-2a
a8 (base 14)